e remainder when 26 is divided by b(3).
5
Let y(w) = -4*w - 3. Let b be 68/(-7) - (-8)/(-28). Let p be y(b). Suppose -10 = 2*j + 5*z, p = j + 4*j - 3*z. What is the remainder when 14 is divided by j?
4
Suppose -98 = -0*x - 5*x + 3*y, -16 = -x - 3*y. Calculate the remainder when x is divided by 10.
9
What is the remainder when 6 is divided by (-275)/(-125) + 2/(-10)?
0
Let t(i) be the first derivative of -3 + 7*i - 1/3*i**3 - 1/2*i**2. What is the remainder when 19 is divided by t(0)?
5
Suppose -y = -2*y + 2. Suppose -2*d - w = -24 + 3, -20 = -y*d - 2*w. What is the remainder when d is divided by 4?
3
Let b = 25 - 15. Let z = 8 - 5. Suppose 0 = -3*v + 4*k + 69, 7*v - 48 = 4*v - z*k. What is the remainder when v is divided by b?
9
Let k = 17 + -10. Let q = k + -4. Suppose -12 - 3 = -q*f. What is the remainder when 14 is divided by f?
4
Suppose -8 = -2*d + 20. What is the remainder when 37 is divided by d?
9
Let f = -115 + 202. What is the remainder when f is divided by 15?
12
Let l(u) = -u**3 + 7*u**2 + 3 + 5 + 3*u**2 + u. What is the remainder when l(10) is divided by 5?
3
Suppose -o - 77 = -0*s - 4*s, 5*s - 5*o - 100 = 0. Calculate the remainder when 32 is divided by s.
13
Let c be 10/4 + 5/(-10). Suppose 4*z = c*q - 110, 7 = -2*q - z + 97. Calculate the remainder when q is divided by 24.
23
Let p = -13 - -14. What is the remainder when 2 is divided by p?
0
Let n be (-30)/(-8) + 6/(-8). Suppose -23 = -2*c - n. Let k(u) = -38*u + 1. What is the remainder when k(-1) is divided by c?
9
Let w(v) = -4*v - 2. Let t be w(1). Let f = t - -21. Calculate the remainder when (56/6 + 0)*3 is divided by f.
13
Let s = -9 - -11. Calculate the remainder when (-100)/(-7) - s/7 is divided by 5.
4
Suppose 11 - 5 = 3*y. Suppose o = -2*o - 3*h + 96, -33 = -o - y*h. What is the remainder when o is divided by 17?
14
Suppose 3*g + 2*d = -0*d + 162, 3*d = -g + 61. What is the remainder when g is divided by 18?
16
Let g(s) be the third derivative of s**5/10 - s**4/8 + s**3/6 + 6*s**2. Let d(o) = o + 6. Let f be d(-4). Calculate the remainder when 36 is divided by g(f).
17
Let w = 15 - -26. What is the remainder when w is divided by 7?
6
Suppose 5*i + 3*a + 2*a - 85 = 0, -5*i + 125 = -5*a. What is the remainder when i is divided by 5?
1
What is the remainder when (-77 + (-4 - -2))*-1 is divided by 20?
19
Let v be 12/(-16) + (-111)/(-4). Let y = -19 + v. Calculate the remainder when y/36 - 223/(-9) is divided by 9.
7
Suppose k - 170 = -y - y, 350 = 2*k + 2*y. Calculate the remainder when k is divided by 14.
12
Let j(w) be the first derivative of 5*w**3/3 + 2*w**2 - 3*w - 6. What is the remainder when j(2) is divided by 1 - 0 - (-8 - 0)?
7
Calculate the remainder when 25 is divided by (((-168)/(-49))/3)/((-4)/(-14)).
1
Suppose 0 = -3*h + 25 + 38. Let t = h - 15. Suppose 4*w = 4*k + 36, 4*w - k + t*k = 45. Calculate the remainder when 18 is divided by w.
8
Suppose 5*k + u - 119 = 0, 0 = -5*k + k + u + 88. What is the remainder when k is divided by 12?
11
Suppose -82 - 79 = -7*i. Let a(r) = r**2 - r. What is the remainder when i is divided by a(-2)?
5
Let y = 192 + 38. What is the remainder when y is divided by 58?
56
Suppose 9 = -o + 26. What is the remainder when (6 + 1)*35/5 is divided by o?
15
Let a(m) be the third derivative of -m**6/120 - m**5/30 + m**4/8 - m**3/2 + m**2. Calculate the remainder when 33 is divided by a(-4).
16
Let i = 0 - -5. Suppose -i*a = -2 - 3. Suppose 2*t - 5 = -3*b - 4, -b + 5 = 3*t. Calculate the remainder when t is divided by a.
0
Let t(q) = 3*q**2 - 3*q + 2. Suppose -5*r + 160 = g + g, -59 = -r + 5*g. Suppose r = 5*l - 1. Calculate the remainder when t(3) is divided by l.
6
Suppose -11*l + 188 = -7*l. What is the remainder when l is divided by 13?
8
Suppose 5*f + 4*r - 192 = 0, -2*f - 5*r + 23 = -47. Let a = f + -9. Suppose 14 + 2 = 2*x. What is the remainder when a is divided by x?
7
Let d = -4 + 4. Suppose m + 5*l = 4*m - 14, d = -5*m - l + 14. What is the remainder when 7 is divided by m?
1
Let n = -17 + 22. Suppose -n*r = -22 - 8. Suppose -u - 8 = -5*u. What is the remainder when r is divided by u?
0
Let f be (0 - -5)*(-4)/(-5). Suppose -f*p = -7 - 37. What is the remainder when p is divided by (-1)/((-2)/12 + 0)?
5
Suppose -28 = -3*g + 5*b, -g + 2*b + 16 = g. Let l be 60*(-2 + 15/g). Suppose 2*q - l = 74. What is the remainder when q is divided by 18?
16
Let y(f) = -8*f + 72. Calculate the remainder when 65 is divided by y(6).
17
Let a(n) = -n + 17. Let g be a(14). What is the remainder when 20 is divided by (-16)/(g + -6 + 1)?
4
Suppose -3*o = s - 22, 0*s + 29 = o - 4*s. Let z = 24 - o. Calculate the remainder when z is divided by 4.
3
Suppose -4*d = -5*f - 12, d - 3 + 0 = -f. Suppose -2*w = 3*w - 40. Calculate the remainder when w is divided by d.
2
Calculate the remainder when (3 - 1/(4/(-48)))/1 is divided by 3.
0
Suppose 2*v = 5*q + 45, -2*q = v - 4*q - 24. Calculate the remainder when 87 is divided by v.
27
Suppose 3*v + 23 = -16. Let x = 27 + v. Calculate the remainder when 55 is divided by x.
13
Suppose d - 4*d + 15 = 0. Let t = -10 + 10. Suppose t = -p + 4, 2*b + 3*b - 2*p = 77. What is the remainder when b is divided by d?
2
Let f(k) = -3*k**3 - k**2 - 2. Let j = -25 + 35. Calculate the remainder when f(-2) is divided by j.
8
Suppose 15*l - 7 = 14*l. What is the remainder when l is divided by 4*(-1 - (1 + -3))?
3
Let g(j) = 16*j - 22. What is the remainder when g(5) is divided by 10?
8
Suppose 23*g = 29*g - 450. Suppose -4*q = -c + 19, 6*c - 5*c - 7 = q. Suppose 8*h - g = c*h. What is the remainder when h is divided by 8?
7
Suppose 60 = 10*h - 7*h. Calculate the remainder when 78 is divided by h.
18
Suppose -3*o - 16 = -70. Let b = 40 - o. What is the remainder when b is divided by 0*(-4)/16 + 8?
6
Let d be 15/(-2) + (-1)/(-2). Let b(h) = -h**2 - 8*h + 2. Let x be b(d). Suppose -2*g = -21 - x. Calculate the remainder when 28 is divided by g.
13
Let t = 67 + -39. Let i(n) = 6*n - 3. What is the remainder when t is divided by i(3)?
13
Let y(v) = -v**3 + 5*v**2 + v - 5. Suppose -22 = -4*g - 2. Let j be y(g). Suppose 2*f + 3 - 29 = j. Calculate the remainder when f is divided by 7.
6
Let i(t) = 8*t**2 + t. Let w(f) = -f**3 - f**2 + 2*f - 1. Let z be w(1). Let m = 9 - 5. Calculate the remainder when i(z) is divided by m.
3
Let w = -70 + 102. Let j = -21 + w. Suppose -3*x = -4*o + 86, o - 24 = -0*x + 2*x. What is the remainder when o is divided by j?
9
Let p(t) = 3*t**2 - 5*t + 6*t + 3*t. Calculate the remainder when 28 is divided by p(-3).
13
Let s = -119 + 182. What is the remainder when s is divided by 22?
19
Calculate the remainder when 41 is divided by ((-12)/(-10))/((-3)/(-15)).
5
Let g = 11 + -20. Calculate the remainder when 5 is divided by 16/(-72) - 20/g.
1
Suppose -4*g - 7 = -l + 10, 11 = -5*l - 4*g. Calculate the remainder when l + 1 + 120/5 is divided by (18/(-2))/(3/(-3)).
8
Let j(m) = -2*m - 3. Let i be j(-3). What is the remainder when (-1)/i - 133/(-3) is divided by 23?
21
Suppose -3*f + 2*g + 20 = 0, -f + 6*f - 5*g = 25. Calculate the remainder when 57 is divided by f.
7
Let n be 12*(-10)/(-8)*-2. Let i = 50 + n. Suppose i = j + 5. What is the remainder when 43 is divided by j?
13
Let l = -123 - -146. Calculate the remainder when 45 is divided by l.
22
Suppose -3*n + 69 = -c, -c = n + 4*c - 7. Suppose 5*h - 170 = 3*o, -3*o = -3*h - 4*o + 88. What is the remainder when h is divided by ((-1)/(-2))/1*n?
9
Let a(d) = 25*d**2 + d. Let l(h) = -44*h + 1. Calculate the remainder when l(-1) is divided by a(-1).
21
Let r be (147/12)/(3/(-12)). Let w = r + 86. Calculate the remainder when w is divided by 10.
7
Suppose 0 = 4*f - 4*b - 88, f + 2*b + 10 = 29. Calculate the remainder when (-5 + 46)*(-1 - -2) is divided by f.
20
Let b = -45 - -77. Suppose 3*z = r - 2*z + 14, z = -1. Let n = b + r. What is the remainder when 25 is divided by n?
12
Let o(h) = -h**2 - 11*h + 11. Suppose -10 = 5*z + 45. What is the remainder when 20 is divided by o(z)?
9
Suppose 5*u = 4*u - 2. Let l = u + -8. Let r = 17 + l. Calculate the remainder when r is divided by 3.
1
Suppose 10 = 5*u, f - 2*f + u = -39. Suppose 5*q = -5*a + 35, -3*q + f = 2*q + 2*a. What is the remainder when q is divided by 4?
1
Suppose -3*g + 13 = -11. Calculate the remain